e 2) to base 6.
120540
22202 (base 6) to base 16
c1a
-20287 (base 11) to base 10
-29619
What is -10893 (base 10) in base 5?
-322033
Convert -112431 (base 5) to base 6.
-31020
-31 (base 15) to base 10
-46
13cc (base 16) to base 9
6851
Convert -443 (base 9) to base 2.
-101101011
-87 (base 12) to base 11
-94
Convert 310122 (base 5) to base 4.
2130311
Convert -12413 (base 5) to base 11.
-814
What is 816 (base 10) in base 16?
330
Convert 1030024 (base 5) to base 10.
17514
What is 1841 (base 10) in base 3?
2112012
-1011111111011 (base 2) to base 16
-17fb
Convert -322213 (base 4) to base 12.
-2207
-7d7a (base 15) to base 3
-1100120121
20011100 (base 3) to base 12
2723
2115 (base 9) to base 11
1192
What is 3a16 (base 12) in base 15?
1e7c
What is d5 (base 14) in base 16?
bb
What is 4da (base 15) in base 2?
10001010001
-2073 (base 10) to base 5
-31243
aa9 (base 13) to base 7
5222
What is -3646 (base 9) in base 11?
-2049
Convert -5665 (base 7) to base 16.
-808
Convert -915 (base 13) to base 4.
-120003
Convert -864 (base 16) to base 2.
-100001100100
Convert -2020012 (base 3) to base 5.
-23000
Convert -130 (base 6) to base 12.
-46
Convert -6b22 (base 12) to base 2.
-10111011001010
Convert 1000100110 (base 2) to base 3.
202101
Convert -35666 (base 7) to base 9.
-13628
Convert -20042 (base 6) to base 16.
-a3a
Convert 65a (base 14) to base 4.
103220
-340 (base 11) to base 6
-1515
3218 (base 13) to base 8
15446
What is -13401 (base 5) in base 9?
-1453
Convert -111000111001 (base 2) to base 11.
-2810
-1bbb (base 15) to base 11
-4589
What is 491 (base 13) in base 4?
30122
What is 22133022 (base 4) in base 5?
2333304
Convert 2001 (base 6) to base 5.
3213
What is -1166 (base 7) in base 12?
-308
101111100001 (base 2) to base 11
2315
What is 1001010010100 (base 2) in base 7?
16603
Convert 3360 (base 7) to base 4.
103002
What is -19a9 (base 11) in base 13?
-1204
Convert -1542 (base 13) to base 16.
-c18
11aa8 (base 14) to base 15
cc48
What is -1010002011 (base 3) in base 2?
-101010110101000
What is 1a23 (base 11) in base 16?
a06
-23103 (base 4) to base 8
-1323
Convert 1120013 (base 4) to base 12.
331b
Convert 21400 (base 6) to base 14.
110c
-2020202 (base 3) to base 9
-2222
-4810 (base 14) to base 6
-134050
-2141331 (base 5) to base 10
-37091
Convert 10dc (base 16) to base 2.
1000011011100
What is 5002 (base 6) in base 2?
10000111010
-101100011011110 (base 2) to base 13
-a480
Convert -1002012 (base 3) to base 4.
-30110
Convert 3111300 (base 4) to base 8.
32560
Convert -20031 (base 9) to base 3.
-200001001
Convert 2354 (base 6) to base 16.
23e
1776 (base 11) to base 12
1385
482 (base 10) to base 7
1256
Convert 4b5 (base 16) to base 13.
719
-2534 (base 6) to base 12
-44a
-1952 (base 15) to base 8
-12545
-5262 (base 7) to base 8
-3501
What is -1a26 (base 11) in base 9?
-3464
-1100122121 (base 3) to base 13
-c214
What is -1983 (base 10) in base 12?
-1193
Convert -10b (base 12) to base 14.
-b1
Convert 20053 (base 10) to base 11.
14080
What is 22232 (base 5) in base 12?
aa7
What is -14012 (base 5) in base 2?
-10001101100
Convert -303 (base 7) to base 5.
-1100
a2 (base 15) to base 13
b9
Convert -14574 (base 13) to base 12.
-1a1a9
Convert -35 (base 16) to base 15.
-38
What is -100101110 (base 2) in base 7?
-611
What is -358 (base 9) in base 2?
-100101000
Convert -130122 (base 4) to base 5.
-24233
-12547 (base 14) to base 10
-44947
Convert -4512 (base 13) to base 10.
-9648
Convert 4316 (base 12) to base 6.
54030
What is -3160 (base 7) in base 6?
-5104
-13c (base 14) to base 12
-18a
-320200 (base 4) to base 8
-7040
-6e15 (base 15) to base 13
-a877
Convert -2012330 (base 4) to base 10.
-8636
Convert 42032 (base 5) to base 7.
11032
Convert -106a (base 14) to base 3.
-10220010
11010001010 (base 2) to base 11
1292
What is a83 (base 14) in base 3?
2211212
-1213 (base 10) to base 6
-5341
What is -24503 (base 6) in base 11?
-2809
Convert 1204 (base 12) to base 2.
11111100100
23011 (base 4) to base 9
867
Convert 1248 (base 16) to base 7.
16434
-314 (base 14) to base 5
-4411
What is -360 (base 9) in base 14?
-173
What is -460 (base 14) in base 12?
-604
-16 (base 15) to base 4
-111
What is 251 (base 12) in base 16?
15d
Convert -102022101 (base 3) to base 15.
-269a
Convert 829 (base 14) to base 13.
966
Convert 20322223 (base 4) to base 6.
441031
-47bb (base 15) to base 2
-11101110010011
Convert 1014 (base 6) to base 10.
226
What is -257c (base 14) in base 5?
-202303
1364 (base 9) to base 6
4434
-24103 (base 5) to base 4
-123302
Convert 207d (base 15) to base 4.
1223110
Convert -13520 (base 7) to base 5.
-104224
84a (base 16) to base 3
2220121
-1495 (base 11) to base 9
-2562
What is 5d4 (base 15) in base 9?
1731
Convert 287 (base 13) to base 5.
3244
-2d8b (base 14) to base 4
-1333133
Convert 15734 (base 8) to base 15.
21a7
-33 (base 6) to base 9
-23
-1011120 (base 3) to base 2
-1101010100
Convert 791 (base 10) to base 12.
55b
Convert -62611 (base 7) to base 3.
-210010011
What is ad6 (base 14) in base 2?
100001100100
-b6 (base 12) to base 3
-12010
What is 1000100000011011 (base 2) in base 9?
52714
Convert -1025 (base 7) to base 11.
-2aa
Convert 11711 (base 8) to base 13.
23c8
What is -101001100000 (base 2) in base 3?
-10122101
What is 905 (base 10) in base 7?
2432
Convert -155a (base 14) to base 12.
-2250
-7754 (base 15) to base 7
-133462
Convert -201001 (base 3) to base 4.
-20002
Convert 2054 (base 6) to base 16.
1d2
Convert cfbe (base 16) to base 13.
1b28c
242343 (base 5) to base 6
110042
Convert 11231 (base 9) to base 7.
30544
Convert -10442224 (base 5) to base 10.
-93439
What is -101304 (base 7) in base 4?
-10032111
What is -6524 (base 8) in base 2?
-110101010100
362 (base 9) to base 14
175
2a15 (base 11) to base 16
f30
-36336 (base 9) to base 16
-5f0d
Convert 4cb (base 16) to base 2.
10011001011
Convert 2222 (base 3) to base 16.
50
-224563 (base 7) to base 4
-21302032
What is -2a818 (base 11) in base 14?
-11c4b
What is 1a7 (base 15) in base 9?
464
28604 (base 9) to base 14
712c
Convert -10110011111110 (base 2) to base 9.
-16717
10011101100101 (base 2) to base 12
5a05
12a1 (base 12) to base 8
4131
1106 (base 14) to base 15
d16
What is -21311 (base 4) in base 12?
-445
4522 (base 8) to base 6
15014
-9d1 (base 14) to base 5
-30242
-196d (base 15) to base 7
-22021
a0 (base 11) to base 9
132
-7414 (base 11) to base 2
-10011001011000
Convert 61 (base 8) to base 2.
110001
2104 (base 7) to base 16
2e3
What is -c1 (base 13) in base 3?
-12211
-1a67 (base 15) to base 11
-4332
5718 (base 15) to base 11
12974
Convert 1656 (base 9) to base 8.
2362
511 (base 11) to base 16
269
Convert -1c4 (base 13) to base 12.
-235
What is 4386 (base 12) in base 7?
30465
Convert 63463 (base 7) to base 4.
3310330
2122 (base 3) to base 9
78
Convert 315 (base 11) to base 10.
379
Convert -3d0 (base 14) to base 5.
-11040
What is 12403 (base 5) in base 11?
80a
-357 (base 15) to base 3
-1001001
What is 112535 (base 6) in base 15?
2d22
Convert 14405 (base 6) to base 9.
3145
Convert -2005 (base 8) to base 2.
-10000000101
Convert 330 (base 13) to base 15.
266
110302 (base 4) to base 8
2462
32474 (base 8) to base 7
54506
What is 11792 (base 15) in base 9?
84372
Convert 303431 (base 5) to base 11.
745a
-276 (base 12) to base 2
-101111010
What is -1591 (base 12) in base 10?
-2557
What is 10080 (base 9) in base 6?
50413
Convert 275a8 (base 12) to base 4.
31102100
Convert 26c (base 15) to base 11.
462
Convert 2020220 (base 3) to base 8.
3154
Convert 274 (base 8) to base 9.
228
Convert 21143 (base 6) to base 5.
42441
What is -230241 (base 6) in base 3?
-222210121
686 (base 12) to base 3
1022210
What is -1131132 (base 5) in base 11?
-14692
1301 (base 9) to base 7
2560
7b (base 15) to base 8
164
-10101010110100 (base 2) to base 10
-10932
Convert -548a (base 11) to base 2.
-1110001000101
Convert -7c9 (base 16) to base 14.
-a25
Convert -5b65 (base 16) to base 8.
-55545
What is -17035 (base 10) in base 11?
-11887
26 (base 8) to base 14
18
What is 3737 (base 10) in base 13?
1916
Convert -4124 (base 5) to base 12.
-38b
-3c1 (base 13) to base 5
-10124
4377 (base 8) to base 15
a38
Convert 135 (base 15) to base 8.
423
What is -1000111000 (base 2) in base 6?
-2344
Convert e65 (base 16) to base 14.
14b3
What is 2a3 (base 12) in base 3?
120